{"id":160,"date":"2026-03-31T08:08:28","date_gmt":"2026-03-31T08:08:28","guid":{"rendered":"https:\/\/compramosempresas.es\/?page_id=160"},"modified":"2026-04-07T09:00:23","modified_gmt":"2026-04-07T09:00:23","slug":"sobre-nosotros-compra-empresas","status":"publish","type":"page","link":"https:\/\/compramosempresas.es\/?page_id=160","title":{"rendered":"Especialistas en la compra de empresas"},"content":{"rendered":"\n<div class=\"wp-block-group alignfull has-accent-background-color has-background has-global-padding is-layout-constrained wp-container-core-group-is-layout-669513ed wp-block-group-is-layout-constrained\" style=\"margin-top:0;margin-bottom:0;padding-top:var(--wp--preset--spacing--50);padding-right:var(--wp--preset--spacing--50);padding-bottom:var(--wp--preset--spacing--50);padding-left:var(--wp--preset--spacing--50)\">\n<div class=\"wp-block-columns alignwide is-layout-flex wp-container-core-columns-is-layout-1da03c2a wp-block-columns-is-layout-flex\">\n<div class=\"wp-block-column is-vertically-aligned-stretch is-layout-flow wp-block-column-is-layout-flow\" style=\"flex-basis:50%\">\n<div class=\"wp-block-group is-vertical is-content-justification-stretch is-layout-flex wp-container-core-group-is-layout-444d5ee8 wp-block-group-is-layout-flex\" style=\"min-height:100%\">\n<p class=\"has-heading-font-family has-large-font-size\" style=\"line-height:1.2\"><strong><strong>Nos dedicamos a la adquisici\u00f3n de peque\u00f1as y medianas empresas en Espa\u00f1a.<\/strong><br>Analizamos cada operaci\u00f3n de forma individual y ofrecemos soluciones adaptadas a cada caso.<\/strong><\/p>\n\n\n\n<p class=\"has-heading-font-family has-large-font-size\" style=\"line-height:1.2\"><strong><strong>Trabajamos con empresarios que buscan vender su empresa por distintos motivos.<\/strong><br>Ya sea por jubilaci\u00f3n, falta de relevo o situaciones m\u00e1s complejas.<\/strong><\/p>\n<\/div>\n<\/div>\n\n\n\n<div class=\"wp-block-column is-vertically-aligned-center is-layout-flow wp-block-column-is-layout-flow\" style=\"flex-basis:50%\">\n<figure class=\"wp-block-image size-large is-style-rounded is-style-rounded--1\"><img loading=\"lazy\" decoding=\"async\" width=\"1024\" height=\"683\" src=\"https:\/\/compramosempresas.es\/wp-content\/uploads\/2026\/03\/ChatGPT-Image-31-mar-2026-10_19_09-1024x683.png\" alt=\"\" class=\"wp-image-172\" srcset=\"https:\/\/compramosempresas.es\/wp-content\/uploads\/2026\/03\/ChatGPT-Image-31-mar-2026-10_19_09-1024x683.png 1024w, https:\/\/compramosempresas.es\/wp-content\/uploads\/2026\/03\/ChatGPT-Image-31-mar-2026-10_19_09-300x200.png 300w, https:\/\/compramosempresas.es\/wp-content\/uploads\/2026\/03\/ChatGPT-Image-31-mar-2026-10_19_09-768x512.png 768w, https:\/\/compramosempresas.es\/wp-content\/uploads\/2026\/03\/ChatGPT-Image-31-mar-2026-10_19_09.png 1536w\" sizes=\"auto, (max-width: 1024px) 100vw, 1024px\" \/><\/figure>\n<\/div>\n<\/div>\n<\/div>\n\n\n\n<p class=\"has-text-align-center has-large-font-size\">\u00bfTu empresa se encuentra en alguna de estas situaciones?<\/p>\n\n\n\n<div class=\"wp-block-group alignfull has-base-background-color has-background has-global-padding is-layout-constrained wp-container-core-group-is-layout-d89aad35 wp-block-group-is-layout-constrained\" style=\"margin-top:0;margin-bottom:0;padding-top:var(--wp--preset--spacing--50);padding-right:var(--wp--preset--spacing--50);padding-bottom:var(--wp--preset--spacing--50);padding-left:var(--wp--preset--spacing--50)\">\n<div class=\"wp-block-columns alignwide is-layout-flex wp-container-core-columns-is-layout-549b0c86 wp-block-columns-is-layout-flex\">\n<div class=\"wp-block-column bordes is-layout-flow wp-block-column-is-layout-flow\">\n<p><strong>\u2013Empresas en crisis o con dificultades<\/strong>.<\/p>\n\n\n\n<p>Analizamos empresas que atraviesan situaciones complejas y buscamos soluciones para dar continuidad al negocio de forma profesional.<\/p>\n<\/div>\n\n\n\n<div class=\"wp-block-column bordes is-layout-flow wp-block-column-is-layout-flow\">\n<p><strong>\u2013Procesos de jubilaci\u00f3n.<\/strong><\/p>\n\n\n\n<p>Si est\u00e1s pensando en retirarte, te ayudamos a encontrar una salida ordenada para tu empresa, asegurando su continuidad.<\/p>\n<\/div>\n\n\n\n<div class=\"wp-block-column bordes is-layout-flow wp-block-column-is-layout-flow\">\n<p>&#8211;<strong>Falta de relevo generacional<\/strong>.<\/p>\n\n\n\n<p><strong>\u200d<\/strong>Cuando no hay continuidad familiar, ofrecemos una alternativa para que el negocio siga funcionando y creciendo.<\/p>\n<\/div>\n<\/div>\n<\/div>\n\n\n\n<div class=\"wp-block-group alignfull has-base-background-color has-background has-global-padding is-layout-constrained wp-container-core-group-is-layout-d89aad35 wp-block-group-is-layout-constrained\" style=\"margin-top:0;margin-bottom:0;padding-top:var(--wp--preset--spacing--50);padding-right:var(--wp--preset--spacing--50);padding-bottom:var(--wp--preset--spacing--50);padding-left:var(--wp--preset--spacing--50)\">\n<div class=\"wp-block-columns alignwide is-layout-flex wp-container-core-columns-is-layout-549b0c86 wp-block-columns-is-layout-flex\">\n<div class=\"wp-block-column bordes is-layout-flow wp-block-column-is-layout-flow\">\n<p><strong>-Socios que desean vender.<\/strong><\/p>\n\n\n\n<p>Gestionamos procesos de salida de socios, facilitando acuerdos claros y estructurados para todas las partes.<\/p>\n<\/div>\n\n\n\n<div class=\"wp-block-column bordes is-layout-flow wp-block-column-is-layout-flow\">\n<p>&#8211;<strong>Empresas con potencial en transici\u00f3n<\/strong>.<\/p>\n\n\n\n<p>Analizamos empresas con recorrido que buscan una nueva etapa bajo una gesti\u00f3n diferente.<\/p>\n<\/div>\n\n\n\n<div class=\"wp-block-column bordes is-layout-flow wp-block-column-is-layout-flow\">\n<p><strong>-Venta por cambio de rumbo.<\/strong><\/p>\n\n\n\n<p>Si quieres iniciar un nuevo proyecto o cerrar una etapa, te ofrecemos una soluci\u00f3n r\u00e1pida y profesional.<\/p>\n<\/div>\n<\/div>\n<\/div>\n\n\n\n<div class=\"wp-block-group alignfull has-accent-5-background-color has-background has-global-padding is-layout-constrained wp-container-core-group-is-layout-d89aad35 wp-block-group-is-layout-constrained\" style=\"margin-top:0;margin-bottom:0;padding-top:var(--wp--preset--spacing--50);padding-right:var(--wp--preset--spacing--50);padding-bottom:var(--wp--preset--spacing--50);padding-left:var(--wp--preset--spacing--50)\">\n<div class=\"wp-block-columns alignwide is-layout-flex wp-container-core-columns-is-layout-1da03c2a wp-block-columns-is-layout-flex\">\n<div class=\"wp-block-column is-vertically-aligned-center is-layout-flow wp-block-column-is-layout-flow\" style=\"flex-basis:60%\">\n<figure class=\"wp-block-image size-full is-style-rounded wp-duotone-duotone-1 is-style-rounded--2\"><img loading=\"lazy\" decoding=\"async\" width=\"1536\" height=\"1024\" src=\"https:\/\/compramosempresas.es\/wp-content\/uploads\/2026\/03\/ChatGPT-Image-31-mar-2026-10_30_09.jpg\" alt=\"\" class=\"wp-image-180\" style=\"aspect-ratio:4\/3;object-fit:cover\" srcset=\"https:\/\/compramosempresas.es\/wp-content\/uploads\/2026\/03\/ChatGPT-Image-31-mar-2026-10_30_09.jpg 1536w, https:\/\/compramosempresas.es\/wp-content\/uploads\/2026\/03\/ChatGPT-Image-31-mar-2026-10_30_09-300x200.jpg 300w, https:\/\/compramosempresas.es\/wp-content\/uploads\/2026\/03\/ChatGPT-Image-31-mar-2026-10_30_09-1024x683.jpg 1024w, https:\/\/compramosempresas.es\/wp-content\/uploads\/2026\/03\/ChatGPT-Image-31-mar-2026-10_30_09-768x512.jpg 768w\" sizes=\"auto, (max-width: 1536px) 100vw, 1536px\" \/><\/figure>\n<\/div>\n\n\n\n<div class=\"wp-block-column is-layout-flow wp-block-column-is-layout-flow\" style=\"flex-basis:40%\">\n<h2 class=\"wp-block-heading\">Enfoque.<\/h2>\n\n\n\n<p>Creemos en procesos claros, sin intermediaciones innecesarias y con un trato directo. Cada operaci\u00f3n se analiza de forma individual, entendiendo que no existen dos empresas iguales ni dos situaciones id\u00e9nticas.<\/p>\n\n\n\n<p>Nuestro trabajo no consiste solo en evaluar n\u00fameros, sino en comprender el contexto de cada empresa y ofrecer soluciones adaptadas a cada caso.<\/p>\n\n\n\n<h2 class=\"wp-block-heading\">Nuestra filosof\u00eda.<\/h2>\n\n\n\n<p>Entendemos que vender una empresa no es \u00fanicamente una decisi\u00f3n financiera. En muchos casos, hay a\u00f1os de trabajo, esfuerzo y compromiso detr\u00e1s.<\/p>\n\n\n\n<p>Por eso, tratamos cada proceso con respeto, confidencialidad y una visi\u00f3n a largo plazo, buscando siempre una transici\u00f3n ordenada y beneficiosa para todas las partes.<\/p>\n\n\n\n<p><strong>Trabajamos cada operaci\u00f3n con un enfoque claro, profesional y orientado a resultados.<\/strong><\/p>\n\n\n\n<div class=\"wp-block-group has-global-padding is-content-justification-left is-layout-constrained wp-container-core-group-is-layout-9fe8ed88 wp-block-group-is-layout-constrained\">\n<p class=\"wp-container-content-0733e5d0\"><strong>Confidencialidad garantizada<\/strong><\/p>\n\n\n\n<div class=\"wp-block-buttons is-layout-flex wp-block-buttons-is-layout-flex\">\n<div class=\"wp-block-button\"><a class=\"wp-block-button__link wp-element-button\" href=\"https:\/\/compramosempresas.es\/?page_id=189\">Solicitar valoraci\u00f3n<\/a><\/div>\n<\/div>\n<\/div>\n<\/div>\n<\/div>\n<\/div>\n","protected":false},"excerpt":{"rendered":"<p>Nos dedicamos a la adquisici\u00f3n de peque\u00f1as y medianas empresas en Espa\u00f1a.Analizamos cada operaci\u00f3n de forma individual y ofrecemos soluciones adaptadas a cada caso. Trabajamos con empresarios que buscan vender su empresa por distintos motivos.Ya sea por jubilaci\u00f3n, falta de relevo o situaciones m\u00e1s complejas. \u00bfTu empresa se encuentra en alguna de estas situaciones? \u2013Empresas [&hellip;]<\/p>\n","protected":false},"author":1,"featured_media":0,"parent":0,"menu_order":0,"comment_status":"closed","ping_status":"closed","template":"","meta":{"footnotes":""},"class_list":["post-160","page","type-page","status-publish","hentry"],"yoast_head":"<!-- This site is optimized with the Yoast SEO plugin v27.2 - https:\/\/yoast.com\/product\/yoast-seo-wordpress\/ -->\n<title>Sobre nosotros | Compra de empresas en Espa\u00f1a<\/title>\n<meta name=\"description\" content=\"Conoce qui\u00e9nes somos y c\u00f3mo trabajamos en la compra de empresas en Espa\u00f1a, con un enfoque profesional, \u00e1gil y confidencial.\" \/>\n<meta name=\"robots\" content=\"index, follow, max-snippet:-1, max-image-preview:large, max-video-preview:-1\" \/>\n<link rel=\"canonical\" href=\"https:\/\/compramosempresas.es\/?page_id=160\" \/>\n<meta property=\"og:locale\" content=\"es_ES\" \/>\n<meta property=\"og:type\" content=\"article\" \/>\n<meta property=\"og:title\" content=\"Sobre nosotros | Compra de empresas en Espa\u00f1a\" \/>\n<meta property=\"og:description\" content=\"Conoce qui\u00e9nes somos y c\u00f3mo trabajamos en la compra de empresas en Espa\u00f1a, con un enfoque profesional, \u00e1gil y confidencial.\" \/>\n<meta property=\"og:url\" content=\"https:\/\/compramosempresas.es\/?page_id=160\" \/>\n<meta property=\"og:site_name\" content=\"Compramos Empresas\" \/>\n<meta property=\"article:modified_time\" content=\"2026-04-07T09:00:23+00:00\" \/>\n<meta property=\"og:image\" content=\"https:\/\/compramosempresas.es\/wp-content\/uploads\/2026\/03\/ChatGPT-Image-31-mar-2026-10_19_09.png\" \/>\n\t<meta property=\"og:image:width\" content=\"1536\" \/>\n\t<meta property=\"og:image:height\" content=\"1024\" \/>\n\t<meta property=\"og:image:type\" content=\"image\/png\" \/>\n<meta name=\"twitter:card\" content=\"summary_large_image\" \/>\n<meta name=\"twitter:label1\" content=\"Tiempo de lectura\" \/>\n\t<meta name=\"twitter:data1\" content=\"2 minutos\" \/>\n<script type=\"application\/ld+json\" class=\"yoast-schema-graph\">{\"@context\":\"https:\/\/schema.org\",\"@graph\":[{\"@type\":\"WebPage\",\"@id\":\"https:\/\/compramosempresas.es\/?page_id=160\",\"url\":\"https:\/\/compramosempresas.es\/?page_id=160\",\"name\":\"Sobre nosotros | Compra de empresas en Espa\u00f1a\",\"isPartOf\":{\"@id\":\"https:\/\/compramosempresas.es\/#website\"},\"primaryImageOfPage\":{\"@id\":\"https:\/\/compramosempresas.es\/?page_id=160#primaryimage\"},\"image\":{\"@id\":\"https:\/\/compramosempresas.es\/?page_id=160#primaryimage\"},\"thumbnailUrl\":\"https:\/\/compramosempresas.es\/wp-content\/uploads\/2026\/03\/ChatGPT-Image-31-mar-2026-10_19_09-1024x683.png\",\"datePublished\":\"2026-03-31T08:08:28+00:00\",\"dateModified\":\"2026-04-07T09:00:23+00:00\",\"description\":\"Conoce qui\u00e9nes somos y c\u00f3mo trabajamos en la compra de empresas en Espa\u00f1a, con un enfoque profesional, \u00e1gil y confidencial.\",\"breadcrumb\":{\"@id\":\"https:\/\/compramosempresas.es\/?page_id=160#breadcrumb\"},\"inLanguage\":\"es\",\"potentialAction\":[{\"@type\":\"ReadAction\",\"target\":[\"https:\/\/compramosempresas.es\/?page_id=160\"]}]},{\"@type\":\"ImageObject\",\"inLanguage\":\"es\",\"@id\":\"https:\/\/compramosempresas.es\/?page_id=160#primaryimage\",\"url\":\"https:\/\/compramosempresas.es\/wp-content\/uploads\/2026\/03\/ChatGPT-Image-31-mar-2026-10_19_09.png\",\"contentUrl\":\"https:\/\/compramosempresas.es\/wp-content\/uploads\/2026\/03\/ChatGPT-Image-31-mar-2026-10_19_09.png\",\"width\":1536,\"height\":1024},{\"@type\":\"BreadcrumbList\",\"@id\":\"https:\/\/compramosempresas.es\/?page_id=160#breadcrumb\",\"itemListElement\":[{\"@type\":\"ListItem\",\"position\":1,\"name\":\"Portada\",\"item\":\"https:\/\/compramosempresas.es\/\"},{\"@type\":\"ListItem\",\"position\":2,\"name\":\"Especialistas en la compra de empresas\"}]},{\"@type\":\"WebSite\",\"@id\":\"https:\/\/compramosempresas.es\/#website\",\"url\":\"https:\/\/compramosempresas.es\/\",\"name\":\"Compramos Empresas\",\"description\":\"\",\"potentialAction\":[{\"@type\":\"SearchAction\",\"target\":{\"@type\":\"EntryPoint\",\"urlTemplate\":\"https:\/\/compramosempresas.es\/?s={search_term_string}\"},\"query-input\":{\"@type\":\"PropertyValueSpecification\",\"valueRequired\":true,\"valueName\":\"search_term_string\"}}],\"inLanguage\":\"es\"}]}<\/script>\n<!-- \/ Yoast SEO plugin. -->","yoast_head_json":{"title":"Sobre nosotros | Compra de empresas en Espa\u00f1a","description":"Conoce qui\u00e9nes somos y c\u00f3mo trabajamos en la compra de empresas en Espa\u00f1a, con un enfoque profesional, \u00e1gil y confidencial.","robots":{"index":"index","follow":"follow","max-snippet":"max-snippet:-1","max-image-preview":"max-image-preview:large","max-video-preview":"max-video-preview:-1"},"canonical":"https:\/\/compramosempresas.es\/?page_id=160","og_locale":"es_ES","og_type":"article","og_title":"Sobre nosotros | Compra de empresas en Espa\u00f1a","og_description":"Conoce qui\u00e9nes somos y c\u00f3mo trabajamos en la compra de empresas en Espa\u00f1a, con un enfoque profesional, \u00e1gil y confidencial.","og_url":"https:\/\/compramosempresas.es\/?page_id=160","og_site_name":"Compramos Empresas","article_modified_time":"2026-04-07T09:00:23+00:00","og_image":[{"width":1536,"height":1024,"url":"https:\/\/compramosempresas.es\/wp-content\/uploads\/2026\/03\/ChatGPT-Image-31-mar-2026-10_19_09.png","type":"image\/png"}],"twitter_card":"summary_large_image","twitter_misc":{"Tiempo de lectura":"2 minutos"},"schema":{"@context":"https:\/\/schema.org","@graph":[{"@type":"WebPage","@id":"https:\/\/compramosempresas.es\/?page_id=160","url":"https:\/\/compramosempresas.es\/?page_id=160","name":"Sobre nosotros | Compra de empresas en Espa\u00f1a","isPartOf":{"@id":"https:\/\/compramosempresas.es\/#website"},"primaryImageOfPage":{"@id":"https:\/\/compramosempresas.es\/?page_id=160#primaryimage"},"image":{"@id":"https:\/\/compramosempresas.es\/?page_id=160#primaryimage"},"thumbnailUrl":"https:\/\/compramosempresas.es\/wp-content\/uploads\/2026\/03\/ChatGPT-Image-31-mar-2026-10_19_09-1024x683.png","datePublished":"2026-03-31T08:08:28+00:00","dateModified":"2026-04-07T09:00:23+00:00","description":"Conoce qui\u00e9nes somos y c\u00f3mo trabajamos en la compra de empresas en Espa\u00f1a, con un enfoque profesional, \u00e1gil y confidencial.","breadcrumb":{"@id":"https:\/\/compramosempresas.es\/?page_id=160#breadcrumb"},"inLanguage":"es","potentialAction":[{"@type":"ReadAction","target":["https:\/\/compramosempresas.es\/?page_id=160"]}]},{"@type":"ImageObject","inLanguage":"es","@id":"https:\/\/compramosempresas.es\/?page_id=160#primaryimage","url":"https:\/\/compramosempresas.es\/wp-content\/uploads\/2026\/03\/ChatGPT-Image-31-mar-2026-10_19_09.png","contentUrl":"https:\/\/compramosempresas.es\/wp-content\/uploads\/2026\/03\/ChatGPT-Image-31-mar-2026-10_19_09.png","width":1536,"height":1024},{"@type":"BreadcrumbList","@id":"https:\/\/compramosempresas.es\/?page_id=160#breadcrumb","itemListElement":[{"@type":"ListItem","position":1,"name":"Portada","item":"https:\/\/compramosempresas.es\/"},{"@type":"ListItem","position":2,"name":"Especialistas en la compra de empresas"}]},{"@type":"WebSite","@id":"https:\/\/compramosempresas.es\/#website","url":"https:\/\/compramosempresas.es\/","name":"Compramos Empresas","description":"","potentialAction":[{"@type":"SearchAction","target":{"@type":"EntryPoint","urlTemplate":"https:\/\/compramosempresas.es\/?s={search_term_string}"},"query-input":{"@type":"PropertyValueSpecification","valueRequired":true,"valueName":"search_term_string"}}],"inLanguage":"es"}]}},"_links":{"self":[{"href":"https:\/\/compramosempresas.es\/index.php?rest_route=\/wp\/v2\/pages\/160","targetHints":{"allow":["GET"]}}],"collection":[{"href":"https:\/\/compramosempresas.es\/index.php?rest_route=\/wp\/v2\/pages"}],"about":[{"href":"https:\/\/compramosempresas.es\/index.php?rest_route=\/wp\/v2\/types\/page"}],"author":[{"embeddable":true,"href":"https:\/\/compramosempresas.es\/index.php?rest_route=\/wp\/v2\/users\/1"}],"replies":[{"embeddable":true,"href":"https:\/\/compramosempresas.es\/index.php?rest_route=%2Fwp%2Fv2%2Fcomments&post=160"}],"version-history":[{"count":20,"href":"https:\/\/compramosempresas.es\/index.php?rest_route=\/wp\/v2\/pages\/160\/revisions"}],"predecessor-version":[{"id":231,"href":"https:\/\/compramosempresas.es\/index.php?rest_route=\/wp\/v2\/pages\/160\/revisions\/231"}],"wp:attachment":[{"href":"https:\/\/compramosempresas.es\/index.php?rest_route=%2Fwp%2Fv2%2Fmedia&parent=160"}],"curies":[{"name":"wp","href":"https:\/\/api.w.org\/{rel}","templated":true}]}}